+ 4446. Is d a composite number?
True
Suppose -5*u - 4*m = -15039, 3*u = -9*m + 4*m + 9013. Suppose -6*c + 3*c = 5*n - u, 5*n - 1017 = -c. Is c prime?
True
Let i be 6/4*140/30. Suppose -i*v - 904 = -11*v. Let m = -132 + v. Is m a prime number?
False
Let m = -46 + 48. Suppose -2*t + 6*t - 3922 = -m*y, -5903 = -3*y - t. Is y composite?
True
Is (-16)/2 - -9 - -10426 prime?
True
Suppose 0 = 3*x - 21 + 3. Let o(h) = h**3 + h**2 + 3*h - 15. Let u be o(x). Suppose -i + u = 4*i. Is i a prime number?
False
Let o be 3/4 - (-9)/4. Suppose o*g - 418 = g. Is g a prime number?
False
Let i(h) = 3*h**2 - 491. Is i(58) a prime number?
True
Is (1 + 0)*5/((-25)/(-56195)) a prime number?
True
Let k(t) = t**2 - 2*t. Let f be k(2). Suppose 0 = -2*d - f + 8. Suppose -8*j + 3*j - 130 = -d*s, 3*s + 5*j - 115 = 0. Is s a prime number?
False
Let a(g) = 3191*g**2 + 21. Let l be a(-4). Is l/273 - (-6)/(-63) composite?
True
Let j(t) = 6*t**3 - 8. Let v(y) = -5*y**3 - y**2 + 7. Let c be (-8)/1*(-7)/14. Let g(w) = c*j(w) + 5*v(w). Is g(-6) a composite number?
True
Is (-9)/9*5 + 5292 composite?
True
Is 16/(-56) - (-20565)/21 a composite number?
True
Suppose -6*q + 26 = 8. Suppose 0 = 2*u + q*u - 5. Is 2*(u + 378/4) prime?
True
Is ((-32036)/6)/((-8 - 0)/24) a prime number?
False
Suppose 0 = -10*a + 13*a - 85389. Is a prime?
True
Let i(k) be the third derivative of -k**6/8 + k**5/120 - 5*k**4/24 - k**2. Let s(f) be the second derivative of i(f). Is s(-1) composite?
True
Let z(x) = x**2 + 20*x - 32. Let m be z(-22). Is -677*(2 - m/4) prime?
True
Let p = 20 + -9. Let g = p + -6. Suppose c - 870 = -c + 2*i, -2*c + g*i + 864 = 0. Is c a composite number?
True
Suppose -2*y = -f - 18, 2*f + y + 35 = -3*f. Let j = f - -10. Suppose 3*u = -r - 4 + 93, -74 = -j*u + 3*r. Is u a prime number?
True
Is (323070/(-11))/(-3) - -9 composite?
True
Suppose m - 14 = 6. Suppose 4*g + a - 3148 = 1205, 0 = 4*a - m. Is g composite?
False
Let o(l) = l**2 - l + 3. Let x be o(3). Let v(n) = 16*n**2 + 8*n + 29. Is v(x) prime?
False
Let i = -185 + 252. Is i prime?
True
Suppose -6*j + 104 = -4*j. Is 26/j*-5*-386*1 composite?
True
Let o be 6/(2/111*3). Suppose -19 = -3*x + 2*x + 3*c, 5*x + c = o. Let k = x - -97. Is k prime?
False
Suppose -2*i + 2*l = -3*i + 22, -i = -3*l + 3. Suppose 8*y + 232 = i*y. Is y a prime number?
False
Let z be -3 - 0/(-4) - 1. Is (21 + z)/((-1)/(-3)) composite?
True
Let m(o) = -o + 18. Let u be m(7). Is u - 8 - (0 - 248) a prime number?
True
Suppose 35736 = 3*q - 5*b, -2*q + 5*b = -3*q + 11932. Is q a prime number?
False
Suppose -h + 136 = 3*p - 2*p, -4*h + 16 = 0. Suppose -8 + 2 = -b. Suppose 0 = b*l - 2*l - p. Is l prime?
False
Let m(d) = 7*d**2 - 15*d - 19. Suppose -6*f = 13 + 41. Is m(f) prime?
True
Suppose 0 = -4*s - 19 + 67. Suppose s = 5*k - 53. Is (-11 + k)*(-254)/(-4) composite?
False
Let m be (2/6)/(((-2)/(-1))/16572). Is ((-15)/10 + 2)*m prime?
True
Suppose -3489 - 1283 = -2*c. Let a = -987 + c. Is a composite?
False
Let c be 449*((3 - -1) + 2). Is ((-14)/42)/((-2)/c) prime?
True
Suppose -17*d + 4308 + 27873 = 0. Is d a composite number?
True
Suppose g + 15 = 10, -4*g + 17245 = 5*p. Is p composite?
True
Let x(m) = -75*m - 71. Is x(-18) prime?
True
Suppose -30*k = -32*k - 2*g + 24306, 0 = k + 2*g - 12157. Is k prime?
True
Let u be (34/6)/(1 + 66/(-63)). Let p = u + 198. Is p prime?
True
Let s(n) = 2768*n + 0 - 2834*n - 1. Is s(-18) composite?
False
Let t(g) = -2935*g - 2. Suppose -5*d - 2 = -3*l + 15, 10 = -2*l - 2*d. Is t(l) a prime number?
False
Let c(d) = -38*d + 2. Suppose -4*l = -2*l - 18. Let w be c(l). Let j = -197 - w. Is j composite?
True
Suppose -436 = 5*s - c, 5*c - 108 = s - 16. Let f = 26 + s. Let p = f + 100. Is p a prime number?
False
Suppose -451 = 2*q - 1. Let r = q + 340. Is r composite?
True
Let g = -64 + 62. Let t(l) = -629*l + 3 - 5 + 3. Is t(g) a composite number?
False
Let i = -5 - -8. Let s(n) = 21*n + 8. Is s(i) a prime number?
True
Let n be (0/4)/(-2)*-1. Let g be (n - 1)/((-14)/42). Is (998/(-8))/(g/(-12)) a composite number?
False
Suppose -s + 6*i + 34489 = 9*i, -3*s + i + 103487 = 0. Is s a composite number?
True
Let v be (-440)/(-6) - (-11)/(-33). Suppose j = 5*c + 69, -c - 4*c - v = -2*j. Is 48792/104 + 2/c prime?
False
Suppose 4*x - 5*b + 8 = 2, 3*b + 6 = 0. Is 6/21 - (15727/(-7) + x) a prime number?
True
Let k be ((-1)/(-12) - 1/(-4))*18. Suppose 0 = k*v + 1570 - 4876. Is v a prime number?
False
Let z(t) be the third derivative of t**5/60 + t**4/8 - 7*t**3/6 - 12*t**2. Is z(-9) prime?
True
Is (-4 - -6)/((-26)/(-38389)) a prime number?
True
Let g(x) = 5*x - 80. Let r be g(16). Let u(q) = 3*q**2 - 3*q - 274. Let v(p) = p**2 - p - 91. Let k(l) = -3*u(l) + 8*v(l). Is k(r) composite?
True
Let v(h) = -h**3 + 7*h**2 + 8*h + 4. Let m be v(8). Suppose -i = -3*i. Suppose i = -m*n + 8*n - 1484. Is n prime?
False
Let u(m) = 5*m - 21. Let d be u(5). Suppose d*r + z = -424 + 1744, 5*r - 1625 = 5*z. Is r prime?
False
Let u = 6 - 3. Let l be 2340*(1 + u/(-2)). Is l/(-22) - 14/77 composite?
False
Let h(g) = g**2 - 5*g + 3. Let w be h(3). Let m(l) = l**3 + 3*l**2 + 3*l + 1. Let s be m(w). Is 71/3 + s/12 a composite number?
False
Suppose 0 = -60*s + 47*s + 558181. Is s composite?
False
Let z(d) = -8*d**2 + 6 - 7*d**3 + 13*d**3 - 8*d**3 + 5*d. Is z(-8) a composite number?
True
Suppose 15*x - 10436 = 6829. Is x prime?
True
Let v = 106517 - 46336. Is v a prime number?
False
Let w(y) = -160*y + 1. Let q(s) = -s**2 - 14*s - 1. Let a = -16 - -2. Let l be q(a). Is w(l) a prime number?
False
Suppose -4*r - m - 15 = 4*m, 0 = r - m - 3. Suppose r = 3*x + 2*x - 1165. Suppose x - 1488 = -5*k. Is k composite?
False
Suppose -4*t - 1200 = -3*u + 7*u, -t = -2*u - 606. Let q(d) = 459*d**3 + 2*d - 1. Let h be q(1). Let w = h + u. Is w prime?
False
Let z = -164 - -579. Let x(v) = -v. Let g be x(0). Suppose 5*a = -g*a + z. Is a a composite number?
False
Let b(i) = 12*i - 21. Let u be b(14). Is u/4 - (-10)/40 prime?
True
Let h(v) = -6*v**2 - 5*v - 9. Let l be h(7). Let c = l + 550. Suppose -2*j = -6*j + c. Is j a prime number?
True
Let k(r) = 27*r**3 - r**2 - 4*r. Let d be k(3). Suppose 4*l = m - d, 2*l - 3*l = 5*m - 3603. Suppose 3*w + w + 2*f - 574 = 0, -5*w = 3*f - m. Is w composite?
True
Suppose -16*j + 15988 = -19804. Is j a prime number?
True
Let j(d) = 1 - 11*d**2 - 2*d**2 + 4*d + 11*d**2 - 4*d**3. Is j(-6) composite?
False
Let a(i) = 85*i - 8. Let u(y) = 339*y - 33. Let d(q) = -15*a(q) + 4*u(q). Let j be d(5). Suppose -3*l + 202 + j = 5*t, 0 = -3*t + 5*l + 357. Is t composite?
True
Suppose 0 = -16*h + 2 - 2. Suppose h = 4*m - 12*m + 13352. Is m prime?
True
Let k be (-6)/(-12) + 2/(-5 - -1). Suppose 4*q + 5*a - 659 = k, a - 796 = -5*q + 4*a. Is q a composite number?
True
Suppose -5*o - 3*p + 8*p + 50 = 0, 4*o = 2*p + 30. Is (-2)/o*-1 + (-168)/(-5) a composite number?
True
Let t(s) = -s**3 + 12*s**2 + 14*s - 7. Is t(-10) a prime number?
True
Let m = 827 - -314. Suppose -10*w + m = -129. Is w composite?
False
Let a = -7 + 7. Suppose z + 2*z - 2 = -4*s, -3*z + 4 = 2*s. Suppose z*x = -a*x + 194. Is x prime?
True
Suppose 0 = 4*l + 22 + 2. Is ((-124)/l)/((-2)/(-87)) a composite number?
True
Let u(f) = -f**3 + 2*f**2 + f. Let n be u(1). Suppose 4*m - 4148 = -2*y, 3*y = 5*m + n*y - 5199. Is m a composite number?
False
Suppose -13783 = -3*j - 0*j + s, 3*s = j - 4589. Is j a prime number?
False
Suppose 6541 = 3*y - 11570. Is y composite?
False
Let p(a) = 309*a - 14. Is p(5) composite?
False
Let h(u) = -4*u**3 - 2*u + 2. Let c(x) = -x**3. Let t(j) = -3*c(j) - h(j). Let a be t(3). Let o = a - 136. Is o a prime number?
False
Let g(t) = -t - 9. Let h be g(-11). Suppose -h*q - q = -657. Let a = 346 - q. Is a a prime number?
True
Let o(u) be the third derivative of 17/12*u**4 + 13/6*u**3 + 0*u + 4*u**2 + 0. Is o(9) a prime number?
False
Suppose 4*j - 9*j = -5*n + 817590, n = 5*j + 163522. Is n prime?
True
Let b be -809*(-2 + 1 + 0)/1. Let l = b - 420. Is l a prime number?
True
Suppose -8*a + 3 = -11*a. Is 337/2 - a/2 a prime number?
False
Let s = -164 + 465. Suppose i - 96 = s. Suppose -1578 - i = -5*j. Is j a prime number?
False
Let b be 50503/15 + (-12)/(-90). Suppose 0 = -l + 5*k + 651, 0*l + b = 5*l + 3*k. Is l a composite number?
True
Suppose l = 5*n + 1, 2*l = 3*n + 2*n + 7. Le